{"id":7922,"date":"2019-05-01T00:00:09","date_gmt":"2019-04-30T23:00:09","guid":{"rendered":"http:\/\/www.grcw-ev.de\/?page_id=7922"},"modified":"2019-05-06T08:48:41","modified_gmt":"2019-05-06T07:48:41","slug":"german-rc-wars-bakede-2019","status":"publish","type":"page","link":"https:\/\/www.grcw-ev.de\/?page_id=7922","title":{"rendered":"GERMAN RC WARS Bakede 2019"},"content":{"rendered":"\t\t<div data-elementor-type=\"wp-post\" data-elementor-id=\"7922\" class=\"elementor elementor-7922\" data-elementor-post-type=\"page\">\n\t\t\t\t\t\t<section class=\"elementor-section elementor-top-section elementor-element elementor-element-7b95e1a elementor-section-boxed elementor-section-height-default elementor-section-height-default\" data-id=\"7b95e1a\" data-element_type=\"section\" data-e-type=\"section\">\n\t\t\t\t\t\t<div class=\"elementor-container elementor-column-gap-default\">\n\t\t\t\t\t<div class=\"elementor-column elementor-col-100 elementor-top-column elementor-element elementor-element-f916030\" data-id=\"f916030\" data-element_type=\"column\" data-e-type=\"column\">\n\t\t\t<div class=\"elementor-widget-wrap elementor-element-populated\">\n\t\t\t\t\t\t<div class=\"elementor-element elementor-element-4aa85f9 elementor-widget elementor-widget-text-editor\" data-id=\"4aa85f9\" data-element_type=\"widget\" data-e-type=\"widget\" data-widget_type=\"text-editor.default\">\n\t\t\t\t<div class=\"elementor-widget-container\">\n\t\t\t\t\t\t\t\t\t<p><strong>Termin<\/strong>: 30.08.-01.09.2019<\/p><p><strong>Anreise:<\/strong> Ab Donnerstag 29.08. ca. 16:00 Uhr<\/p><p><strong>Adresse<\/strong>: Schulstrasse 7, 31848 Bad M\u00fcnder<\/p><p><strong>Anmeldeschluss<\/strong> ist der <strong>10.08.2019<\/strong><\/p><p><strong>Beitragszahlung<\/strong>: ab sofort<\/p><p>Zahlungseingang muss bis zum <strong>15.08.2019<\/strong> erfolgt sein<\/p><p>!!!Wichtig!!!<\/p><p>Durch die starke Resonanz und Anmeldungen, m\u00fcssen auch wir in dieses Jahr eine Ma\u00dfnahme, in Abstimmung mit dem Verein der uns die \u00d6rtlichkeit <br \/>ja zur Verf\u00fcgung stellt, treffen.<\/p><p>Die Teilnehmerzahl f\u00fcr dieses Jahr ist auf <strong>100 aktive Fahrer pro Tag,<\/strong>\u00a0 Samstag und Sonntag begrenzt<\/p><p>Es z\u00e4hlt hier nicht die Anmeldung sondern nur der Zahlungseingang des Beitrages<\/p><p>Die Anmeldung alleine berechtigt nicht zur Teilnahme an dem Wochenende.<\/p><p>Sobald uns die Info erreicht das die Liste der gezahlten Teilnehmer voll ist, wird die Liste der Anmeldungen geschlossen <br \/>und alle die bis dahin nicht gezahlt haben, werden aus der Anmeldeliste entfernt.<\/p><p>Der Beitrag ist bei Ralf M\u00fcller zu entrichten. Das Geld wird zur Deckung der anfallenden Kosten (Versicherung, Strom, M\u00fcllentsorgung, Wasser usw.) verwendet. \u00a0<br \/>Es m\u00fcssen alle Fahrer hier (unter diesen Beitrag) eingetragen werden auch Freunde die mitgebracht werden und Fahrer sind. Beitrag zahlt jeder aktive Fahrer <br \/>(Kinder bis zum 14. Lebensjahr, und weibliche Begleitung \u00a0sind Kostenfrei).<\/p><p>Bitte auch Frau und Kind mit Anzahl eintragen falls welche mitkommen.<\/p><p>1)\u00a0\u00a0\u00a0\u00a0\u00a0 Anmeldung in der Facebookgruppe f\u00fcr das <a href=\"https:\/\/www.facebook.com\/groups\/2067746486570107\/\">Bashertreffen Bakede<\/a><\/p><p>Bitte diesen Beitrag nur mit richtigen Vor und Zunamen und der gew\u00fcnschten Teilnahme kommentieren.<\/p><p>T = Tages Teilnehmer = 15\u20ac pro Person (Freitag\/Samstag\/Sonntag je 15\u20ac)<\/p><p>WE = Wochenende = 30\u20ac<\/p><p>Beispiel:<\/p><p>z.B. Max Mustermann = WE 30\u20ac<\/p><p>z.B. Max Mustermann = 2T 30\u20ac oder 1T 15\u20ac<\/p><p>2)\u00a0\u00a0\u00a0\u00a0\u00a0 Anmeldung zus\u00e4tzlich hier im Formular:<\/p><p><strong>Sanit\u00e4re Anlagen<\/strong>:<\/p><p>Duschen und Toiletten vor Ort<\/p><p><strong>Strom: <\/strong><\/p><p>Verl\u00e4ngerungskabel muss jeder selbst mitbringen. Vor Ort wird der Stromkasten dann zugewiesen. Es muss daf\u00fcr gesorgt werden dass alle <br \/>Stromverbindungen wasserdicht eingepackt werden.<\/p><p><strong>Verpflegung:<\/strong><\/p><p>F\u00fcr Essen ist ein Nahkauf und B\u00e4cker in der N\u00e4he wie auch ein Imbiss der sogar Essen auf den Platz bringt. .<\/p><p><strong>Zelten\/Wohnwagen\/Wohnmobil<\/strong>:<\/p><p>Der Zeltplatz befindet sich direkt vor Ort auf einer Wiese. Wer wo sein Zelt\/Zelt mit R\u00e4dern aufbaut wird vor Ort bekannt gegeben.<\/p><p><strong>Flohmarkt\/Verkauf:<\/strong><\/p><p>Wer etwas anbieten m\u00f6chte kann das machen aber er ist selbst daf\u00fcr verantwortlich.<\/p><p><strong>Tombola:<\/strong><\/p><p>Es wird eine Tombola mit Sachpreisen geben ( Los 5\u20ac), es gibt ein Megageiles Paket von Metz, POS und mir. <br \/>Michael Gerund ( Microspeed) und der Vertreter von Team Corally ( wahrscheinlich mit seinen neuen Modellen von Corally) werden auch vor Ort sein.<\/p><p><strong>Platzregeln<\/strong><\/p><p>&#8211; keine elektrischen Zusatzheizung (Zelt) erlaubt<\/p><p>&#8211; keine RC Modelle Verbrenner\/ Nitro zugelassen<\/p><p>&#8211; Ordnung \/ Sauberkeit<\/p><p>&#8211; Die sanit\u00e4ren Anlagen sind sauber zu hinterlassen.<\/p><p>&#8211; Bei Besch\u00e4digungen jeder Art wird der Verursacher haftbar gemacht (Haftpflichtversicherung pr\u00fcfen abschlie\u00dfen!!)<\/p><p>Bei Fragen bitte an Ralf M\u00fcller wenden&#8230;<\/p>\t\t\t\t\t\t\t\t<\/div>\n\t\t\t\t<\/div>\n\t\t\t\t\t<\/div>\n\t\t<\/div>\n\t\t\t\t\t<\/div>\n\t\t<\/section>\n\t\t\t\t<section class=\"elementor-section elementor-top-section elementor-element elementor-element-245b1f1 elementor-section-boxed elementor-section-height-default elementor-section-height-default\" data-id=\"245b1f1\" data-element_type=\"section\" data-e-type=\"section\">\n\t\t\t\t\t\t<div class=\"elementor-container elementor-column-gap-default\">\n\t\t\t\t\t<div class=\"elementor-column elementor-col-100 elementor-top-column elementor-element elementor-element-9985d7c\" data-id=\"9985d7c\" data-element_type=\"column\" data-e-type=\"column\">\n\t\t\t<div class=\"elementor-widget-wrap elementor-element-populated\">\n\t\t\t\t\t\t<div class=\"elementor-element elementor-element-36b08f1 elementor-widget elementor-widget-google_maps\" data-id=\"36b08f1\" data-element_type=\"widget\" data-e-type=\"widget\" data-widget_type=\"google_maps.default\">\n\t\t\t\t<div class=\"elementor-widget-container\">\n\t\t\t\t\t\t\t<div class=\"elementor-custom-embed\">\n\t\t\t<iframe loading=\"lazy\"\n\t\t\t\t\tsrc=\"https:\/\/maps.google.com\/maps?q=Schulstrasse%207%2C%2031848%20Bad%20M%C3%BCnder&#038;t=m&#038;z=10&#038;output=embed&#038;iwloc=near\"\n\t\t\t\t\ttitle=\"Schulstrasse 7, 31848 Bad M\u00fcnder\"\n\t\t\t\t\taria-label=\"Schulstrasse 7, 31848 Bad M\u00fcnder\"\n\t\t\t><\/iframe>\n\t\t<\/div>\n\t\t\t\t\t\t<\/div>\n\t\t\t\t<\/div>\n\t\t\t\t\t<\/div>\n\t\t<\/div>\n\t\t\t\t\t<\/div>\n\t\t<\/section>\n\t\t\t\t<section class=\"elementor-section elementor-top-section elementor-element elementor-element-0ed195d elementor-section-boxed elementor-section-height-default elementor-section-height-default\" data-id=\"0ed195d\" data-element_type=\"section\" data-e-type=\"section\">\n\t\t\t\t\t\t<div class=\"elementor-container elementor-column-gap-default\">\n\t\t\t\t\t<div class=\"elementor-column elementor-col-100 elementor-top-column elementor-element elementor-element-4f70aa9\" data-id=\"4f70aa9\" data-element_type=\"column\" data-e-type=\"column\">\n\t\t\t<div class=\"elementor-widget-wrap elementor-element-populated\">\n\t\t\t\t\t\t<div class=\"elementor-element elementor-element-f2302f6 elementor-button-align-center elementor-widget elementor-widget-form\" data-id=\"f2302f6\" data-element_type=\"widget\" data-e-type=\"widget\" data-settings=\"{&quot;button_width&quot;:&quot;100&quot;,&quot;step_next_label&quot;:&quot;N\\u00e4chster&quot;,&quot;step_previous_label&quot;:&quot;Voriger&quot;,&quot;step_type&quot;:&quot;number_text&quot;,&quot;step_icon_shape&quot;:&quot;circle&quot;}\" data-widget_type=\"form.default\">\n\t\t\t\t<div class=\"elementor-widget-container\">\n\t\t\t\t\t\t\t<form class=\"elementor-form\" method=\"post\" name=\"Anmeldung\" aria-label=\"Anmeldung\">\n\t\t\t<input type=\"hidden\" name=\"post_id\" value=\"7922\"\/>\n\t\t\t<input type=\"hidden\" name=\"form_id\" value=\"f2302f6\"\/>\n\t\t\t<input type=\"hidden\" name=\"referer_title\" value=\"GERMAN RC WARS Bakede 2019\" \/>\n\n\t\t\t\t\t\t\t<input type=\"hidden\" name=\"queried_id\" value=\"7922\"\/>\n\t\t\t\n\t\t\t<div class=\"elementor-form-fields-wrapper elementor-labels-above\">\n\t\t\t\t\t\t\t\t<div class=\"elementor-field-type-text elementor-field-group elementor-column elementor-field-group-name elementor-col-100 elementor-field-required elementor-mark-required\">\n\t\t\t\t\t\t\t\t\t\t\t\t<label for=\"form-field-name\" class=\"elementor-field-label\">\n\t\t\t\t\t\t\t\tName\t\t\t\t\t\t\t<\/label>\n\t\t\t\t\t\t\t\t\t\t\t\t\t\t<input size=\"1\" type=\"text\" name=\"form_fields[name]\" id=\"form-field-name\" class=\"elementor-field elementor-size-xs  elementor-field-textual\" placeholder=\"Name\" required=\"required\">\n\t\t\t\t\t\t\t\t\t\t\t<\/div>\n\t\t\t\t\t\t\t\t<div class=\"elementor-field-type-email elementor-field-group elementor-column elementor-field-group-email elementor-col-100 elementor-field-required elementor-mark-required\">\n\t\t\t\t\t\t\t\t\t\t\t\t<label for=\"form-field-email\" class=\"elementor-field-label\">\n\t\t\t\t\t\t\t\tEmail\t\t\t\t\t\t\t<\/label>\n\t\t\t\t\t\t\t\t\t\t\t\t\t\t<input size=\"1\" type=\"email\" name=\"form_fields[email]\" id=\"form-field-email\" class=\"elementor-field elementor-size-xs  elementor-field-textual\" placeholder=\"Email\" required=\"required\">\n\t\t\t\t\t\t\t\t\t\t\t<\/div>\n\t\t\t\t\t\t\t\t<div class=\"elementor-field-type-tel elementor-field-group elementor-column elementor-field-group-field_1 elementor-col-100 elementor-field-required elementor-mark-required\">\n\t\t\t\t\t\t\t\t\t\t\t\t<label for=\"form-field-field_1\" class=\"elementor-field-label\">\n\t\t\t\t\t\t\t\tHandy\t\t\t\t\t\t\t<\/label>\n\t\t\t\t\t\t\t\t<input size=\"1\" type=\"tel\" name=\"form_fields[field_1]\" id=\"form-field-field_1\" class=\"elementor-field elementor-size-xs  elementor-field-textual\" placeholder=\"Handynummer\" required=\"required\" pattern=\"[0-9()#&amp;+*-=.]+\" title=\"Nur Nummern oder Telefon-Zeichen (#, -, *, etc) werden akzeptiert.\">\n\n\t\t\t\t\t\t<\/div>\n\t\t\t\t\t\t\t\t<div class=\"elementor-field-type-text elementor-field-group elementor-column elementor-field-group-field_2 elementor-col-100 elementor-field-required elementor-mark-required\">\n\t\t\t\t\t\t\t\t\t\t\t\t<label for=\"form-field-field_2\" class=\"elementor-field-label\">\n\t\t\t\t\t\t\t\tFacebook-Name\t\t\t\t\t\t\t<\/label>\n\t\t\t\t\t\t\t\t\t\t\t\t\t\t<input size=\"1\" type=\"text\" name=\"form_fields[field_2]\" id=\"form-field-field_2\" class=\"elementor-field elementor-size-xs  elementor-field-textual\" placeholder=\"Facebook-Name\" required=\"required\">\n\t\t\t\t\t\t\t\t\t\t\t<\/div>\n\t\t\t\t\t\t\t\t<div class=\"elementor-field-type-checkbox elementor-field-group elementor-column elementor-field-group-field_3 elementor-col-100\">\n\t\t\t\t\t\t\t\t\t\t\t\t<label for=\"form-field-field_3\" class=\"elementor-field-label\">\n\t\t\t\t\t\t\t\tDauer und Kosten\t\t\t\t\t\t\t<\/label>\n\t\t\t\t\t\t<div class=\"elementor-field-subgroup  elementor-subgroup-inline\"><span class=\"elementor-field-option\"><input type=\"checkbox\" value=\"Wochenende 30 EUR\" id=\"form-field-field_3-0\" name=\"form_fields[field_3][]\"> <label for=\"form-field-field_3-0\">Wochenende 30 EUR<\/label><\/span><span class=\"elementor-field-option\"><input type=\"checkbox\" value=\"Freitag 15 EUR\" id=\"form-field-field_3-1\" name=\"form_fields[field_3][]\"> <label for=\"form-field-field_3-1\">Freitag 15 EUR<\/label><\/span><span class=\"elementor-field-option\"><input type=\"checkbox\" value=\"Samstag 15 EUR\" id=\"form-field-field_3-2\" name=\"form_fields[field_3][]\"> <label for=\"form-field-field_3-2\">Samstag 15 EUR<\/label><\/span><span class=\"elementor-field-option\"><input type=\"checkbox\" value=\"Sonntag 15 EUR\" id=\"form-field-field_3-3\" name=\"form_fields[field_3][]\"> <label for=\"form-field-field_3-3\">Sonntag 15 EUR<\/label><\/span><\/div>\t\t\t\t<\/div>\n\t\t\t\t\t\t\t\t<div class=\"elementor-field-type-number elementor-field-group elementor-column elementor-field-group-field_4 elementor-col-100 elementor-field-required elementor-mark-required\">\n\t\t\t\t\t\t\t\t\t\t\t\t<label for=\"form-field-field_4\" class=\"elementor-field-label\">\n\t\t\t\t\t\t\t\tPersonenzahl\t\t\t\t\t\t\t<\/label>\n\t\t\t\t\t\t\t\t\t<input type=\"number\" name=\"form_fields[field_4]\" id=\"form-field-field_4\" class=\"elementor-field elementor-size-xs  elementor-field-textual\" placeholder=\"1\" required=\"required\" min=\"\" max=\"\" >\n\t\t\t\t\t\t<\/div>\n\t\t\t\t\t\t\t\t<div class=\"elementor-field-group elementor-column elementor-field-type-submit elementor-col-100 e-form__buttons\">\n\t\t\t\t\t<button class=\"elementor-button elementor-size-sm\" type=\"submit\">\n\t\t\t\t\t\t<span class=\"elementor-button-content-wrapper\">\n\t\t\t\t\t\t\t\t\t\t\t\t\t\t\t\t\t\t\t\t\t\t<span class=\"elementor-button-text\">Absenden<\/span>\n\t\t\t\t\t\t\t\t\t\t\t\t\t<\/span>\n\t\t\t\t\t<\/button>\n\t\t\t\t<\/div>\n\t\t\t<\/div>\n\t\t<\/form>\n\t\t\t\t\t\t<\/div>\n\t\t\t\t<\/div>\n\t\t\t\t\t<\/div>\n\t\t<\/div>\n\t\t\t\t\t<\/div>\n\t\t<\/section>\n\t\t\t\t<section class=\"elementor-section elementor-top-section elementor-element elementor-element-82a8645 elementor-section-boxed elementor-section-height-default elementor-section-height-default\" data-id=\"82a8645\" data-element_type=\"section\" data-e-type=\"section\">\n\t\t\t\t\t\t<div class=\"elementor-container elementor-column-gap-default\">\n\t\t\t\t\t<div class=\"elementor-column elementor-col-100 elementor-top-column elementor-element elementor-element-7b418c7\" data-id=\"7b418c7\" data-element_type=\"column\" data-e-type=\"column\">\n\t\t\t<div class=\"elementor-widget-wrap elementor-element-populated\">\n\t\t\t\t\t\t<div class=\"elementor-element elementor-element-4f68eb6 elementor-widget elementor-widget-text-editor\" data-id=\"4f68eb6\" data-element_type=\"widget\" data-e-type=\"widget\" data-widget_type=\"text-editor.default\">\n\t\t\t\t<div class=\"elementor-widget-container\">\n\t\t\t\t\t\t\t\t\t<p>Zahlung bitte mit Namen und Emailadresse an:<\/p>\n<p>PayPal:\u00a0<a href=\"mailto:bashertreffen-bakede@web.de\">bashertreffen-bakede@web.de<\/a>\u00a0<br \/>ACHTUNG!!! Ausschlie\u00dflich PayPal-Freunde, alle andern Zahlungen verursachen Kosten, diese m\u00fcssen vom Teilnehmer \u00fcbernommen werden.<\/p>\n<p>Die Anmeldung wird nach Eingang der Anmeldung reserviert und nach Zahlungseingang best\u00e4tigt.<br \/>Je Tag sind 100 Pl\u00e4tze vorhanden, sollten diese vergeben sein, so werdet Ihr auf die Warteliste gesetzt oder es wird versucht Euch eine Alternative zubieten. Viel Spa\u00df auf dem Treffen!!!<\/p>\t\t\t\t\t\t\t\t<\/div>\n\t\t\t\t<\/div>\n\t\t\t\t\t<\/div>\n\t\t<\/div>\n\t\t\t\t\t<\/div>\n\t\t<\/section>\n\t\t\t\t<section class=\"elementor-section elementor-top-section elementor-element elementor-element-eab0546 elementor-section-boxed elementor-section-height-default elementor-section-height-default\" data-id=\"eab0546\" data-element_type=\"section\" data-e-type=\"section\">\n\t\t\t\t\t\t<div class=\"elementor-container elementor-column-gap-default\">\n\t\t\t\t\t<div class=\"elementor-column elementor-col-100 elementor-top-column elementor-element elementor-element-1d2a312\" data-id=\"1d2a312\" data-element_type=\"column\" data-e-type=\"column\">\n\t\t\t<div class=\"elementor-widget-wrap elementor-element-populated\">\n\t\t\t\t\t\t<div class=\"elementor-element elementor-element-2a8657b elementor-widget elementor-widget-text-editor\" data-id=\"2a8657b\" data-element_type=\"widget\" data-e-type=\"widget\" data-widget_type=\"text-editor.default\">\n\t\t\t\t<div class=\"elementor-widget-container\">\n\t\t\t\t\t\t\t\t\t<p>Da wir auch dieses Jahr wieder etwas filmen und Foto\u00b4s machen m\u00f6chten und diese nat\u00fcrlich auch auf Facebook &amp; Co. ver\u00f6ffentlicht werden sollen, bitte diese Einverst\u00e4ndniserkl\u00e4rung ausf\u00fcllen und bei der Ankunft bei Ralf abgeben \ud83d\ude42<\/p>\t\t\t\t\t\t\t\t<\/div>\n\t\t\t\t<\/div>\n\t\t\t\t\t<\/div>\n\t\t<\/div>\n\t\t\t\t\t<\/div>\n\t\t<\/section>\n\t\t\t\t<section class=\"elementor-section elementor-top-section elementor-element elementor-element-4180f05 elementor-section-boxed elementor-section-height-default elementor-section-height-default\" data-id=\"4180f05\" data-element_type=\"section\" data-e-type=\"section\">\n\t\t\t\t\t\t<div class=\"elementor-container elementor-column-gap-default\">\n\t\t\t\t\t<div class=\"elementor-column elementor-col-100 elementor-top-column elementor-element elementor-element-763c9ee\" data-id=\"763c9ee\" data-element_type=\"column\" data-e-type=\"column\">\n\t\t\t<div class=\"elementor-widget-wrap elementor-element-populated\">\n\t\t\t\t\t\t<div class=\"elementor-element elementor-element-552a04c elementor-align-center elementor-widget elementor-widget-button\" data-id=\"552a04c\" data-element_type=\"widget\" data-e-type=\"widget\" data-widget_type=\"button.default\">\n\t\t\t\t<div class=\"elementor-widget-container\">\n\t\t\t\t\t\t\t\t\t<div class=\"elementor-button-wrapper\">\n\t\t\t\t\t<a class=\"elementor-button elementor-button-link elementor-size-md\" href=\"https:\/\/www.grcw-ev.de\/wp-content\/uploads\/2019\/05\/Einversta\u0308ndniserkla\u0308rung-Bakede.pdf\">\n\t\t\t\t\t\t<span class=\"elementor-button-content-wrapper\">\n\t\t\t\t\t\t\t\t\t<span class=\"elementor-button-text\">Einverst\u00e4ndniserkl\u00e4rung<\/span>\n\t\t\t\t\t<\/span>\n\t\t\t\t\t<\/a>\n\t\t\t\t<\/div>\n\t\t\t\t\t\t\t\t<\/div>\n\t\t\t\t<\/div>\n\t\t\t\t\t<\/div>\n\t\t<\/div>\n\t\t\t\t\t<\/div>\n\t\t<\/section>\n\t\t\t\t<\/div>\n\t\t","protected":false},"excerpt":{"rendered":"<p>Termin: 30.08.-01.09.2019 Anreise: Ab Donnerstag 29.08. ca. 16:00 Uhr Adresse: Schulstrasse 7, 31848 Bad M\u00fcnder Anmeldeschluss ist der 10.08.2019 Beitragszahlung: ab sofort Zahlungseingang muss bis zum 15.08.2019 erfolgt sein !!!Wichtig!!! Durch die starke Resonanz und Anmeldungen, m\u00fcssen auch wir in dieses Jahr eine Ma\u00dfnahme, in Abstimmung mit dem Verein der uns die \u00d6rtlichkeit ja zur [&hellip;]<\/p>\n","protected":false},"author":2,"featured_media":0,"parent":0,"menu_order":0,"comment_status":"closed","ping_status":"closed","template":"elementor_header_footer","meta":{"footnotes":""},"class_list":["post-7922","page","type-page","status-publish","hentry","entry"],"_links":{"self":[{"href":"https:\/\/www.grcw-ev.de\/index.php?rest_route=\/wp\/v2\/pages\/7922","targetHints":{"allow":["GET"]}}],"collection":[{"href":"https:\/\/www.grcw-ev.de\/index.php?rest_route=\/wp\/v2\/pages"}],"about":[{"href":"https:\/\/www.grcw-ev.de\/index.php?rest_route=\/wp\/v2\/types\/page"}],"author":[{"embeddable":true,"href":"https:\/\/www.grcw-ev.de\/index.php?rest_route=\/wp\/v2\/users\/2"}],"replies":[{"embeddable":true,"href":"https:\/\/www.grcw-ev.de\/index.php?rest_route=%2Fwp%2Fv2%2Fcomments&post=7922"}],"version-history":[{"count":7,"href":"https:\/\/www.grcw-ev.de\/index.php?rest_route=\/wp\/v2\/pages\/7922\/revisions"}],"predecessor-version":[{"id":8010,"href":"https:\/\/www.grcw-ev.de\/index.php?rest_route=\/wp\/v2\/pages\/7922\/revisions\/8010"}],"wp:attachment":[{"href":"https:\/\/www.grcw-ev.de\/index.php?rest_route=%2Fwp%2Fv2%2Fmedia&parent=7922"}],"curies":[{"name":"wp","href":"https:\/\/api.w.org\/{rel}","templated":true}]}}